Let f(j) = j + 6. Suppose h - u - 51 = 2*u, -82 = -2*h + 2*u. Let r = 23 - h. Let d = -18 - r. What is f(d)?
1
Let a(b) = b - 2. Let q(m) be the third derivative of -m**4/24 + 19*m**3/6 - 2*m**2 - 22. Let r(k) = 4*k - 1. Let g be r(3). Let j be q(g). What is a(j)?
6
Suppose -7*i + 2*i = -20. Suppose -i*p = -2*x - 34, -p - 2*x = 2*p - 8. Let d(f) = -2*f + 4. What is d(p)?
-8
Let y(x) = -14*x**3 + 15*x**2 - 14*x + 5. Let g(h) = 5*h**3 - 5*h**2 + 5*h - 2. Let c(o) = -11*g(o) - 4*y(o). What is c(2)?
-8
Let x = 1028 + -1019. Let i(d) = -d**2 + 10*d - 2. Calculate i(x).
7
Let n(g) = -3*g + 2. Let t = 41 + -39. Let i be 1/(-1) + (0/t - -5). What is n(i)?
-10
Let b(z) be the first derivative of -z**3/3 + 17*z - 178. Calculate b(0).
17
Let r(j) = -2*j + 4. Let g(d) = 9*d**2 - 7*d - 3. Let n be g(1). Determine r(n).
6
Suppose -7*b + 3116 - 3067 = 0. Let o(v) = v**2 - 7*v + 3. Calculate o(b).
3
Suppose -4*r = -2*y + r + 18, -4*y + 2*r = -68. Let s = -21 + y. Let v(g) be the second derivative of g**4/12 + g**3/3 + g**2/2 + 8*g. Determine v(s).
1
Let g(a) be the second derivative of -9*a + 0 + a**2 + 1/3*a**3. What is g(3)?
8
Let n(v) = -5*v**3 + 8*v**2 - 9*v - 8. Let z be ((-8)/(-14))/((-8)/(-84)). Let q(y) = -y**3 + y**2 - y - 1. Let h(l) = z*q(l) - n(l). Give h(-3).
2
Let w(q) = q**3 - 1 - 3*q**3 + 3*q**2 - 3*q**2 - 2*q**2 - 2*q. Suppose 2*d + 13 - 19 = 0. Suppose -4*f + 4*g = 7 - d, -5*g - 3 = 3*f. What is w(f)?
1
Let m = 2547 - 2545. Let z(q) = -4*q**3 + q + 2. What is z(m)?
-28
Let u be 3*(-2)/(-3) - 11. Let s(y) = 268*y - 2*y**2 - 4 + y**2 - 275*y + 17. Calculate s(u).
-5
Let o(d) = -4*d + 6. Let x be 8 - (8 + 4 - 10). Calculate o(x).
-18
Let x be ((-1232)/42)/(-11)*9/4. Let y(p) = p**2 - 5*p - 4. What is y(x)?
2
Suppose -3*h = 5*q + 15, -2*q - 3*h = -4*q - 6. Let k(g) be the third derivative of -g**6/120 - g**5/15 + g**4/12 + g**3/6 - 70*g**2. Determine k(q).
-14
Let x(a) be the third derivative of a**7/2520 + a**6/144 - a**5/120 - a**4/3 + 5*a**2. Let o(l) be the second derivative of x(l). Calculate o(-5).
-1
Let k be ((-1*4 - -2) + 2)/(-1). Let a(j) = 63*j - 60*j - 3 + k. Calculate a(5).
12
Let h(v) = -3*v - 1. Let k = -284 + 280. Calculate h(k).
11
Suppose 4*a = 2 + 14. Suppose a*n + 5*s - 24 = 6*n, -5*n + 4*s - 26 = 0. Let l(h) be the third derivative of h**5/30 + h**3/3 - 6*h**2. Give l(n).
10
Let a(n) = 4*n + 7. Let o(l) be the third derivative of -7*l**4/24 - 5*l**3/2 + 33*l**2. Let f(x) = -13*a(x) - 6*o(x). Determine f(-1).
9
Let v(i) = -7*i + 12. Let o be -2*(3 - -1)*-1. Calculate v(o).
-44
Let j be (-20)/16*1*8/(-2). Suppose -3 = -3*i + f + 3, -4*f = 0. Suppose -3*m = -4*g - 32, -j*m = -2*m + 2*g - i. Let x(t) = -t**2 + 6*t - 1. Calculate x(m).
7
Let n(r) be the second derivative of r**5/20 - r**3/6 - r**2/2 - 91*r. Determine n(-1).
-1
Let f(v) = -v**3 - 4*v**2 + 4*v + 2. Suppose -3*z - w - 4*w = 4, -8 = 4*w. Let l be (z + -3)/((-3)/(-15)). Determine f(l).
7
Let b(w) be the first derivative of w**2 - 5*w - 14. Give b(-8).
-21
Let n(z) = -340*z - 338*z - 2 + 1 + 1017*z - 340*z + 4. Let a be 1*2 + 8/2. Suppose 12 + a = 3*l. Determine n(l).
-3
Let b(w) = -3*w**3 - w**2 + 4*w + 2. Let x(z) = -z**3 + z**2 + z. Let i(f) = -b(f) + 4*x(f). Let d be i(2). Let r(l) = -l**2 + 9*l. What is r(d)?
-10
Let k = 56 + -55. Let y(h) = -4*h + 3*h - h**2 + k + 2*h + 0*h**2 + 5*h**3. Calculate y(-1).
-6
Let y(h) = -13*h**3 - 9*h**2 + 2. Let v(c) = -19*c**3 - 13*c**2 + 3. Suppose 2*k = 32 - 42. Let g(t) = k*v(t) + 7*y(t). Calculate g(1).
5
Let v = 53 - 50. Let z(w) = -3 - v + 4 + 1 - 2*w. Calculate z(-2).
3
Let y(j) be the third derivative of -j**5/5 - j**3/6 - 2*j**2 - 80. What is y(-1)?
-13
Let w(q) = 2*q**3 + 2*q**2 + 1. Let i(d) = 11*d**3 + 3*d**2 + 2*d + 6. Let g(a) = -i(a) + 5*w(a). Calculate g(3).
29
Let r(l) = l**2 + 13*l + 10. Let y = -1486 - -1473. Calculate r(y).
10
Let f(z) = z + 1. Let n(r) = -r**3 - 9*r**2. Let o(v) = -2*f(v) + n(v). What is o(-9)?
16
Let g be ((-20)/(-8) - 0)*4. Let c(v) = -g*v - 6*v + 2 - v**2 + 17*v - 1. Calculate c(0).
1
Let n(a) = -19*a + 60*a - 2*a**2 - 4 + a**2 - 29*a. Give n(11).
7
Let c(r) = r - 1. Let x be c(-1). Let t(v) = -v**3 + 9*v**2 - 3*v - 5. Let w(s) = -2*s**3 + 14*s**2 - 6*s - 9. Let n(q) = 5*t(q) - 3*w(q). What is n(x)?
0
Let i be (7/(-14))/(4/((-128)/4)). Let r(x) = -4*x**2 + 15*x - 1. Give r(i).
-5
Let k = -711 + 710. Let m(h) be the second derivative of h**3/3 - h**2/2 + h. Calculate m(k).
-3
Let k(j) be the third derivative of -j**7/840 - j**6/60 + 7*j**5/120 - j**4/12 + 3*j**3/2 - 20*j**2. Let f(l) be the first derivative of k(l). Calculate f(-7).
-2
Let b be 20/14 + 8/14. Let o(g) = -8*g + 2*g**b - 8*g**2 + g**3 + 2*g**2 + 6. Determine o(5).
-9
Let c(u) = -26*u + 25*u - 11 - 4. Determine c(0).
-15
Let g(k) = -k**3 - 7*k**2 + 3*k + 6. Let n be g(-6). Let b be (-40)/12*n/20. Let l = b + -4. Let p(d) = -d**3 + 3*d**2 + 6*d - 5. Give p(l).
3
Let i(q) = -q**2 + 11*q - 21. Let v(a) = 70*a - 203. Let t be v(3). What is i(t)?
7
Suppose -15 = -5*v - 3*w, 3*v + 5*w + 8 = 17. Let y(d) be the third derivative of -1/120*d**6 - 4*d**2 + 0 + 0*d**v - 1/15*d**5 + 1/8*d**4 + 0*d. Give y(-5).
10
Let c = -2 - -5. Let w be c/6*(-1 - 1). Let v(t) = 2 - 2 + 365*t - 359*t. What is v(w)?
-6
Suppose -3*j = 5*t + 9 + 6, 4*j + t + 3 = 0. Suppose -2*i = -j*i. Let k(z) be the second derivative of z**5/20 + 3*z**2 + 8*z. Determine k(i).
6
Let n(m) = -232*m - 240*m + 473*m + 1. Let l be 5/(-3) + (-2)/6. Calculate n(l).
-1
Suppose -5*v + 1 + 19 = 0. Let i(b) = -3*b**2 + 3*b + v*b**2 - 2*b**2 + 5 - 2*b**2. Let h(n) = -2*n**2 + 2*n + 3. Let o(z) = 5*h(z) - 3*i(z). Calculate o(-3).
-12
Let u be 4 - (-2 - 1)/(-3). Let a(n) = -2*n - 7 + u + 0*n + 0. Calculate a(-3).
2
Let c(i) be the third derivative of 0 + 7/24*i**4 - 7/6*i**3 + 0*i - 1/60*i**5 - 16*i**2. Calculate c(5).
3
Let v be 4 - (0/(-1) - -2). Let h = 13 - 8. Let b(l) = -2 + h - l**v - 4 + 5*l + 8. Determine b(6).
1
Let u(t) = t**3 - 13*t**2 + 13*t - 11. Suppose 4*q + 19 = 67. Determine u(q).
1
Suppose -13 = -2*i - 5. Let l(h) = -h**3 + 4*h**2 - 1. Calculate l(i).
-1
Let n = -24 + 17. Let k be ((-2)/(-5))/((-38)/(-95)) + n. Let r(s) be the second derivative of s**3/6 - s**2/2 - s. Give r(k).
-7
Let i(h) = h**2 + h - 5. Let n be 19/95 + 2*3/(-30). What is i(n)?
-5
Let x(q) = 2*q**3 + 2*q - 1. Let m(g) = 4*g**3 - 74*g**2 - 38*g + 1. Let c be m(19). What is x(c)?
3
Let p(m) = m. Let h = -35 + 38. Suppose y - h*j + 5 - 1 = 0, 2*y + 4*j = 32. Give p(y).
8
Let k(f) = 38*f**3 + f - 26*f**3 - 7*f**2 - 11*f**3 + 3*f. What is k(6)?
-12
Let b(i) = i**2 - 2*i + 1. Let h be 6/(-7)*(-35)/(-5). Let o(p) be the first derivative of p**3/3 - p**2/2 - 7. Let a(v) = h*b(v) + 5*o(v). Calculate a(6).
0
Let f(m) = m**3 - 4*m**2 + 4. Suppose -17 = -5*c + 13. Suppose -3*h + c + 0 = 0, -2 = -5*z - h. Let j(x) = -x**2 + x + 4. Let r be j(z). Calculate f(r).
4
Let p = -2334 + 2331. Let j(h) = -h**3 - 4*h**2 - h - 2. Give j(p).
-8
Suppose -4*n - 80 = 5*l, n + 1 - 6 = 5*l. Let j = -13 - n. Let f(q) = q + q - q - j*q. Determine f(-2).
2
Let j(h) = -7 - 5 - 6*h**2 + 1 - 8*h + 7*h**2. Let n be j(10). Let c(x) = -x**2 + 9*x - 6. Determine c(n).
-6
Let b(v) = -3*v + 1 - 3*v + 2*v. Let n(r) = -r**3 + 10*r**2 - 5*r - 39. Let x be n(9). Determine b(x).
13
Suppose 16*a + 14 = y + 14*a, 5*a + 26 = y. Let s(z) be the third derivative of -z**5/60 + 5*z**4/24 + z**3/3 - z**2. Give s(y).
-4
Let s(p) = -2*p + 19 - p - 20. Let k be s(-7). Suppose -7*f = -3*f + 5*x - 20, 5*f - 5*x = -k. Let c(y) = -y**3 - y**2 - 5. Calculate c(f).
-5
Suppose -6*d - 72 + 96 = 0. Let k(x) be the third derivative of 0 - 1/24*x**d + 0*x + 1/6*x**3 + 10*x**2 + 1/30*x**5 - 1/40*x**6. Calculate k(2).
-17
Let g(d) = 3*d + 33. Let q be 4/(-14) + 51*36/(-189). Calculate g(q).
3
Let z(p) = 9*p - 30 + 11 - p**2 + 7. What is z(5)?
8
Let x(i) = 3*i**2 - 13*i + 5. Let l be x(5). Suppose -5*u + 15 = -l. Let w(b) = 2*b. Give w(u).
12
Let c(a) = -a**3 + 2*a**2 - a. Let u(d) = -5*d**3 + 20*d**2 - 16*d - 11. Let x(t) = -6*c(t) + u(t). Give x(-9).
-2
Let z(g) = -g**3 - 19*g**2 - 21*g - 58. Let j be z(-18). Let o(s) = 3*s + 3. Give o(j).
-9
Let c(f) = -5*f + 9. Let l(o) = -o + 1. Let k(y) = c(y) - 2*l(y). Let b(q) = 6*q - 13. Let p(w) = -6*b(w) - 11*k(w). Determi